0 and 19820.
20
Calculate the greatest common divisor of 39798 and 1221.
33
Calculate the greatest common divisor of 3075 and 1637745.
615
Calculate the highest common factor of 513 and 6441.
57
What is the greatest common factor of 4 and 28342?
2
What is the greatest common divisor of 31984 and 288?
16
Calculate the highest common divisor of 435 and 765165.
435
What is the greatest common factor of 428753 and 43?
43
What is the greatest common factor of 6026395 and 362?
181
What is the greatest common factor of 8827 and 388?
97
What is the greatest common divisor of 3520 and 240?
80
Calculate the highest common factor of 34 and 6503418.
34
Calculate the highest common factor of 4382833 and 91.
91
What is the highest common factor of 85552 and 16?
16
Calculate the highest common divisor of 37530 and 150.
30
What is the highest common factor of 1581294 and 528?
66
What is the highest common factor of 25 and 2780575?
25
Calculate the highest common divisor of 271950 and 525.
525
Calculate the highest common factor of 26992 and 1008.
112
What is the highest common divisor of 17340 and 660?
60
What is the highest common divisor of 9074 and 3614?
26
What is the highest common factor of 27699 and 126?
21
What is the greatest common divisor of 193565 and 25?
5
What is the greatest common factor of 17 and 78931?
17
What is the highest common divisor of 1558 and 3977?
41
Calculate the highest common divisor of 126 and 12642.
42
Calculate the greatest common divisor of 228 and 13756.
76
Calculate the greatest common divisor of 360 and 122340.
60
Calculate the highest common divisor of 76 and 145274.
38
What is the highest common divisor of 868 and 12852?
28
Calculate the greatest common factor of 720 and 105760.
80
What is the highest common divisor of 1444 and 10640?
76
What is the greatest common factor of 444995 and 305?
305
What is the greatest common factor of 398 and 634?
2
What is the highest common divisor of 2 and 7136?
2
What is the highest common divisor of 2191 and 1957189?
313
What is the highest common factor of 3 and 55912?
1
Calculate the greatest common factor of 1128 and 56541.
141
What is the greatest common divisor of 1051195 and 1870?
85
What is the highest common divisor of 3416 and 88?
8
Calculate the greatest common divisor of 252 and 564.
12
What is the highest common factor of 17 and 187187?
17
Calculate the highest common divisor of 69054 and 850.
34
Calculate the highest common divisor of 3705 and 9165.
195
What is the greatest common factor of 107520 and 19656?
168
What is the highest common divisor of 101036 and 1072?
268
Calculate the greatest common divisor of 1404 and 16129152.
1404
What is the greatest common divisor of 7 and 194201?
7
What is the highest common factor of 40120 and 5900?
1180
Calculate the highest common factor of 2013525 and 513.
513
Calculate the highest common factor of 540 and 6541020.
540
Calculate the greatest common factor of 49244 and 26.
26
Calculate the highest common factor of 21079 and 2561.
197
What is the highest common divisor of 76 and 2341636?
76
Calculate the greatest common divisor of 136 and 6222.
34
What is the greatest common factor of 23 and 19803?
23
What is the greatest common divisor of 42752 and 1280?
256
What is the greatest common divisor of 825 and 37050?
75
What is the greatest common factor of 41702 and 2204?
58
What is the highest common divisor of 116 and 1575918?
58
Calculate the highest common factor of 34 and 991134.
34
What is the greatest common factor of 2442 and 488532?
66
What is the highest common divisor of 468 and 47808?
36
Calculate the highest common divisor of 190075 and 25.
25
What is the greatest common divisor of 280017 and 324?
81
Calculate the greatest common divisor of 218 and 96.
2
Calculate the highest common divisor of 9250 and 17000.
250
What is the greatest common factor of 137203 and 143?
11
What is the greatest common divisor of 1288 and 1449?
161
Calculate the highest common factor of 1075466 and 14.
14
What is the highest common factor of 31488 and 348?
12
What is the highest common factor of 23278 and 1582?
226
What is the highest common factor of 603 and 60183?
9
Calculate the greatest common divisor of 42 and 2223606.
42
Calculate the greatest common factor of 29972 and 2032.
508
Calculate the highest common factor of 148 and 668.
4
What is the greatest common divisor of 7028 and 63?
7
What is the highest common divisor of 173 and 599099?
173
Calculate the greatest common divisor of 15209 and 469.
67
What is the greatest common factor of 35007 and 147?
21
Calculate the highest common divisor of 6393 and 3.
3
What is the highest common divisor of 5110 and 98?
14
What is the greatest common divisor of 189402 and 12?
6
What is the highest common factor of 2251 and 1?
1
Calculate the highest common factor of 71811 and 6.
3
Calculate the highest common divisor of 49626 and 162.
54
What is the greatest common divisor of 261978 and 38089?
929
What is the greatest common factor of 888 and 888?
888
What is the highest common factor of 737 and 1881?
11
Calculate the highest common divisor of 78 and 6080919.
39
What is the highest common factor of 49712 and 2600?
104
Calculate the greatest common divisor of 1328938 and 39.
13
What is the greatest common factor of 150516 and 3164?
452
Calculate the highest common divisor of 54523 and 7.
7
What is the greatest common divisor of 1781 and 369626?
137
Calculate the greatest common divisor of 112355 and 115.
115
What is the greatest common factor of 4046420 and 56?
28
What is the highest common divisor of 485513 and 301?
301
Calculate the highest common factor of 96 and 540032.
32
Calculate the greatest common divisor of 229 and 32.
1
Calculate the greatest common factor of 90002 and 198.
22
Calculate the highest common divisor of 74291 and 133.
7
What is the highest common divisor of 2459700 and 600?
300
What is the greatest common factor of 22948 and 10?
2
What is the greatest common divisor of 28 and 1311268?
28
Calculate the highest common divisor of 82980 and 180.
180
Calculate the greatest common factor of 32 and 13935.
1
What is the highest common divisor of 5145 and 7252?
49
What is the greatest common divisor of 116 and 548?
4
What is the highest common factor of 48 and 30252?
12
What is the greatest common divisor of 44 and 637142?
22
What is the highest common divisor of 5200 and 240760?
520
Calculate the highest common divisor of 510 and 13986.
6
Calculate the greatest common divisor of 87859 and 3412.
853
What is the highest common divisor of 19899401 and 17?
17
Calculate the highest common factor of 2530 and 330.
110
What is the highest common factor of 26910 and 4255?
115
What is the highest common factor of 24 and 28278?
6
What is the highest common factor of 2805 and 9?
3
Calculate the greatest common divisor of 3409522 and 3832.
958
Calculate the greatest common divisor of 19100001 and 141.
141
Calculate the greatest common divisor of 594 and 66.
66
Calculate the greatest common factor of 555 and 232767.
111
Calculate the highest common divisor of 9449535 and 30.
15
What is the highest common divisor of 100 and 80?
20
What is the greatest common factor of 492 and 1378092?
492
What is the greatest common divisor of 92 and 4243868?
92
What is the greatest common factor of 1808 and 10096?
16
What is the greatest common factor of 30576 and 4928?
112
What is the highest common factor of 100141 and 838?
419
What is the greatest common factor of 14178 and 66?
6
What is the greatest common divisor of 7476 and 29148?
84
Calculate the highest common divisor of 505734 and 186.
186
What is the greatest common divisor of 2 and 37462?
2
What is the highest common divisor of 30 and 22685?
5
Calculate the greatest common divisor of 4 and 6196.
4
What is the greatest common factor of 11139 and 1659?
237
What is the highest common factor of 1015416 and 3240?
648
Calculate the greatest common factor of 11063 and 105524.
851
What is the highest common divisor of 54 and 281286?
54
Calculate the greatest common factor of 120 and 108090.
30
What is the greatest common factor of 13254 and 30?
6
Calculate the greatest common factor of 5180 and 228105.
185
Calculate the greatest common divisor of 10 and 1755